{"id":6635,"date":"2025-10-24T12:01:54","date_gmt":"2025-10-24T17:01:54","guid":{"rendered":"https:\/\/www.teclemas.edu.ec\/inicio\/?page_id=6635"},"modified":"2025-10-24T12:05:11","modified_gmt":"2025-10-24T17:05:11","slug":"autoridades-administrativas","status":"publish","type":"page","link":"https:\/\/www.teclemas.edu.ec\/inicio\/autoridades-administrativas\/","title":{"rendered":"Autoridades Administrativas"},"content":{"rendered":"\t\t<div data-elementor-type=\"wp-page\" data-elementor-id=\"6635\" class=\"elementor elementor-6635\" data-elementor-post-type=\"page\">\n\t\t\t\t\t\t<section class=\"elementor-section elementor-top-section elementor-element elementor-element-879b517 elementor-section-stretched elementor-section-boxed elementor-section-height-default elementor-section-height-default\" data-id=\"879b517\" data-element_type=\"section\" data-e-type=\"section\" data-settings=\"{&quot;background_background&quot;:&quot;classic&quot;,&quot;stretch_section&quot;:&quot;section-stretched&quot;}\">\n\t\t\t\t\t\t\t<div class=\"elementor-background-overlay\"><\/div>\n\t\t\t\t\t\t\t<div class=\"elementor-container elementor-column-gap-default\">\n\t\t\t\t\t<div class=\"elementor-column elementor-col-50 elementor-top-column elementor-element elementor-element-29d25154\" data-id=\"29d25154\" data-element_type=\"column\" data-e-type=\"column\" data-settings=\"{&quot;background_background&quot;:&quot;classic&quot;}\">\n\t\t\t<div class=\"elementor-widget-wrap elementor-element-populated\">\n\t\t\t\t\t\t<div class=\"elementor-element elementor-element-140fe89f elementor-widget elementor-widget-heading\" data-id=\"140fe89f\" data-element_type=\"widget\" data-e-type=\"widget\" data-widget_type=\"heading.default\">\n\t\t\t\t<div class=\"elementor-widget-container\">\n\t\t\t\t\t<h1 class=\"elementor-heading-title elementor-size-default\">Autoridades Administrativas<\/h1>\t\t\t\t<\/div>\n\t\t\t\t<\/div>\n\t\t\t\t<div class=\"elementor-element elementor-element-10e709bc elementor-view-default elementor-widget elementor-widget-icon\" data-id=\"10e709bc\" data-element_type=\"widget\" data-e-type=\"widget\" data-widget_type=\"icon.default\">\n\t\t\t\t<div class=\"elementor-widget-container\">\n\t\t\t\t\t\t\t<div class=\"elementor-icon-wrapper\">\n\t\t\t<div class=\"elementor-icon\">\n\t\t\t<i aria-hidden=\"true\" class=\"fas fa-caret-down\"><\/i>\t\t\t<\/div>\n\t\t<\/div>\n\t\t\t\t\t\t<\/div>\n\t\t\t\t<\/div>\n\t\t\t\t\t<\/div>\n\t\t<\/div>\n\t\t\t\t<div class=\"elementor-column elementor-col-50 elementor-top-column elementor-element elementor-element-1e1f8e2d\" data-id=\"1e1f8e2d\" data-element_type=\"column\" data-e-type=\"column\">\n\t\t\t<div class=\"elementor-widget-wrap\">\n\t\t\t\t\t\t\t<\/div>\n\t\t<\/div>\n\t\t\t\t\t<\/div>\n\t\t<\/section>\n\t\t\t\t<section class=\"elementor-section elementor-top-section elementor-element elementor-element-3dfca39e elementor-section-boxed elementor-section-height-default elementor-section-height-default\" data-id=\"3dfca39e\" data-element_type=\"section\" data-e-type=\"section\">\n\t\t\t\t\t\t<div class=\"elementor-container elementor-column-gap-default\">\n\t\t\t\t\t<div class=\"elementor-column elementor-col-100 elementor-top-column elementor-element elementor-element-1682089b\" data-id=\"1682089b\" data-element_type=\"column\" data-e-type=\"column\">\n\t\t\t<div class=\"elementor-widget-wrap elementor-element-populated\">\n\t\t\t\t\t\t<div class=\"elementor-element elementor-element-33ba8f75 elementor-widget elementor-widget-scp_teachers\" data-id=\"33ba8f75\" data-element_type=\"widget\" data-e-type=\"widget\" data-widget_type=\"scp_teachers.default\">\n\t\t\t\t<div class=\"elementor-widget-container\">\n\t\t\t\t\t\t\t<div class=\"vc_row scp-teachers scp-teachers-3 \">\n\t\t\t\t\t\t\t<div class=\"teacher one third wh-padding\">\n\t\t\t\t\t<div class=\"thumbnail\">\n\t\t\t\t\t\t<a href=\"https:\/\/www.teclemas.edu.ec\/inicio\/teachers\/mgtr-byron-quinonez-lecaro\/\" title=\"Mgtr. Byron Qui\u00f1onez Lecaro\"><img fetchpriority=\"high\" decoding=\"async\" width=\"2560\" height=\"2560\" src=\"https:\/\/www.teclemas.edu.ec\/inicio\/wp-content\/uploads\/2025\/11\/680x680-scaled.jpg\" class=\"attachment- size- wp-post-image\" alt=\"\" srcset=\"https:\/\/www.teclemas.edu.ec\/inicio\/wp-content\/uploads\/2025\/11\/680x680-scaled.jpg 2560w, https:\/\/www.teclemas.edu.ec\/inicio\/wp-content\/uploads\/2025\/11\/680x680-300x300.jpg 300w, https:\/\/www.teclemas.edu.ec\/inicio\/wp-content\/uploads\/2025\/11\/680x680-1024x1024.jpg 1024w, https:\/\/www.teclemas.edu.ec\/inicio\/wp-content\/uploads\/2025\/11\/680x680-150x150.jpg 150w, https:\/\/www.teclemas.edu.ec\/inicio\/wp-content\/uploads\/2025\/11\/680x680-768x768.jpg 768w, https:\/\/www.teclemas.edu.ec\/inicio\/wp-content\/uploads\/2025\/11\/680x680-1536x1536.jpg 1536w, https:\/\/www.teclemas.edu.ec\/inicio\/wp-content\/uploads\/2025\/11\/680x680-2048x2048.jpg 2048w, https:\/\/www.teclemas.edu.ec\/inicio\/wp-content\/uploads\/2025\/11\/680x680-420x420.jpg 420w\" sizes=\"(max-width: 2560px) 100vw, 2560px\" \/><\/a>\t\t\t\t\t<\/div>\n\t\t\t\t\t<div class=\"item\">\n\t\t\t\t\t\t<h5 class=\"entry-title\"><a\n\t\t\t\t\t\t\t\thref=\"https:\/\/www.teclemas.edu.ec\/inicio\/teachers\/mgtr-byron-quinonez-lecaro\/\">Mgtr. Byron Qui\u00f1onez Lecaro<\/a>\n\t\t\t\t\t\t<\/h5>\n\t\t\t\t\t\t\t\t\t\t\t\t\t\t\t\t\t\t\t<h6 class=\"job-title\">Director de Talento Humano<\/h6>\n\t\t\t\t\t\t\t\t\t\t\t\t\t\t\t\t\t\t\t\t\t\t\t\t\t<div class=\"summary\"><p>\n  <a href=\"https:\/\/www.linkedin.com\/in\/byron-qui%C3%B1onez-lecaro-06a37a7a\/\" target=\"_blank\" style=\"text-decoration:none;color:#0077b5\"><br \/>\n    <i class=\"fab fa-linkedin\" style=\"font-size:18px;color:#0077b5;margin-right:5px\"><\/i> LinkedIn - Byron Qui\u00f1onez Lecaro <\/a><\/p>\n<\/div>\n\t\t\t\t\t\t\n\t\t\t\t\t\t\t\t\t\t\t\t\t\t\t\t\t<\/div>\n\t\t\t\t<\/div>\n\t\t\t\t\t\t\t<div class=\"teacher one third wh-padding\">\n\t\t\t\t\t<div class=\"thumbnail\">\n\t\t\t\t\t\t<a href=\"https:\/\/www.teclemas.edu.ec\/inicio\/teachers\/tngla-raquel-mogro\/\" title=\"Tngla. Raquel Mogro\"><img decoding=\"async\" width=\"2560\" height=\"2560\" src=\"https:\/\/www.teclemas.edu.ec\/inicio\/wp-content\/uploads\/2025\/11\/Raquel-Mogro-web-scaled.png\" class=\"attachment- size- wp-post-image\" alt=\"\" srcset=\"https:\/\/www.teclemas.edu.ec\/inicio\/wp-content\/uploads\/2025\/11\/Raquel-Mogro-web-scaled.png 2560w, https:\/\/www.teclemas.edu.ec\/inicio\/wp-content\/uploads\/2025\/11\/Raquel-Mogro-web-300x300.png 300w, https:\/\/www.teclemas.edu.ec\/inicio\/wp-content\/uploads\/2025\/11\/Raquel-Mogro-web-1024x1024.png 1024w, https:\/\/www.teclemas.edu.ec\/inicio\/wp-content\/uploads\/2025\/11\/Raquel-Mogro-web-150x150.png 150w, https:\/\/www.teclemas.edu.ec\/inicio\/wp-content\/uploads\/2025\/11\/Raquel-Mogro-web-768x768.png 768w, https:\/\/www.teclemas.edu.ec\/inicio\/wp-content\/uploads\/2025\/11\/Raquel-Mogro-web-1536x1536.png 1536w, https:\/\/www.teclemas.edu.ec\/inicio\/wp-content\/uploads\/2025\/11\/Raquel-Mogro-web-2048x2048.png 2048w, https:\/\/www.teclemas.edu.ec\/inicio\/wp-content\/uploads\/2025\/11\/Raquel-Mogro-web-420x420.png 420w\" sizes=\"(max-width: 2560px) 100vw, 2560px\" \/><\/a>\t\t\t\t\t<\/div>\n\t\t\t\t\t<div class=\"item\">\n\t\t\t\t\t\t<h5 class=\"entry-title\"><a\n\t\t\t\t\t\t\t\thref=\"https:\/\/www.teclemas.edu.ec\/inicio\/teachers\/tngla-raquel-mogro\/\">Tngla. Raquel Mogro<\/a>\n\t\t\t\t\t\t<\/h5>\n\t\t\t\t\t\t\t\t\t\t\t\t\t\t\t\t\t\t\t<h6 class=\"job-title\">Secretaria<\/h6>\n\t\t\t\t\t\t\t\t\t\t\t\t\t\t\t\t\t\t\t\t\t\t\t\t\t<div class=\"summary\"><\/p>\n<\/div>\n\t\t\t\t\t\t\n\t\t\t\t\t\t\t\t\t\t\t\t\t\t\t\t\t<\/div>\n\t\t\t\t<\/div>\n\t\t\t\t\t\t\t<div class=\"teacher one third wh-padding\">\n\t\t\t\t\t<div class=\"thumbnail\">\n\t\t\t\t\t\t<a href=\"https:\/\/www.teclemas.edu.ec\/inicio\/teachers\/abg-hernan-fabricio-carrera-cabrera\/\" title=\"Abg. Hern\u00e1n  Fabricio Carrera Cabrera, Mgtr\"><img decoding=\"async\" width=\"458\" height=\"458\" src=\"https:\/\/www.teclemas.edu.ec\/inicio\/wp-content\/uploads\/2022\/06\/hernan_carrera.png\" class=\"attachment- size- wp-post-image\" alt=\"\" srcset=\"https:\/\/www.teclemas.edu.ec\/inicio\/wp-content\/uploads\/2022\/06\/hernan_carrera.png 458w, https:\/\/www.teclemas.edu.ec\/inicio\/wp-content\/uploads\/2022\/06\/hernan_carrera-150x150.png 150w\" sizes=\"(max-width: 458px) 100vw, 458px\" \/><\/a>\t\t\t\t\t<\/div>\n\t\t\t\t\t<div class=\"item\">\n\t\t\t\t\t\t<h5 class=\"entry-title\"><a\n\t\t\t\t\t\t\t\thref=\"https:\/\/www.teclemas.edu.ec\/inicio\/teachers\/abg-hernan-fabricio-carrera-cabrera\/\">Abg. Hern\u00e1n  Fabricio Carrera Cabrera, Mgtr<\/a>\n\t\t\t\t\t\t<\/h5>\n\t\t\t\t\t\t\t\t\t\t\t\t\t\t\t\t\t\t\t<h6 class=\"job-title\">Procurador<\/h6>\n\t\t\t\t\t\t\t\t\t\t\t\t\t\t\t\t\t\t\t\t\t\t\t\t\t<div class=\"summary\"><p>\n  <a href=\"https:\/\/www.linkedin.com\/in\/hern%C3%A1n-carrera-cabrera-86843b16\/\" target=\"_blank\" style=\"text-decoration:none;color:#0077b5\"><br \/>\n    <i class=\"fab fa-linkedin\" style=\"font-size:18px;color:#0077b5;margin-right:5px\"><\/i> LinkedIn - Carrera Cabrera <\/a><\/p>\n<\/div>\n\t\t\t\t\t\t\n\t\t\t\t\t\t\t\t\t\t\t\t\t\t\t\t\t<\/div>\n\t\t\t\t<\/div>\n\t\t\t\t\t\t\t<div class=\"teacher one third wh-padding\">\n\t\t\t\t\t<div class=\"thumbnail\">\n\t\t\t\t\t\t<a href=\"https:\/\/www.teclemas.edu.ec\/inicio\/teachers\/rosmeri-thalia-cruz-iniguez\/\" title=\"Psi. Rosmeri Thalia Cruz I\u00f1iguez\"><img loading=\"lazy\" decoding=\"async\" width=\"680\" height=\"680\" src=\"https:\/\/www.teclemas.edu.ec\/inicio\/wp-content\/uploads\/2024\/06\/THALIA.jpg\" class=\"attachment- size- wp-post-image\" alt=\"\" srcset=\"https:\/\/www.teclemas.edu.ec\/inicio\/wp-content\/uploads\/2024\/06\/THALIA.jpg 680w, https:\/\/www.teclemas.edu.ec\/inicio\/wp-content\/uploads\/2024\/06\/THALIA-300x300.jpg 300w, https:\/\/www.teclemas.edu.ec\/inicio\/wp-content\/uploads\/2024\/06\/THALIA-150x150.jpg 150w, https:\/\/www.teclemas.edu.ec\/inicio\/wp-content\/uploads\/2024\/06\/THALIA-420x420.jpg 420w\" sizes=\"(max-width: 680px) 100vw, 680px\" \/><\/a>\t\t\t\t\t<\/div>\n\t\t\t\t\t<div class=\"item\">\n\t\t\t\t\t\t<h5 class=\"entry-title\"><a\n\t\t\t\t\t\t\t\thref=\"https:\/\/www.teclemas.edu.ec\/inicio\/teachers\/rosmeri-thalia-cruz-iniguez\/\">Psi. Rosmeri Thalia Cruz I\u00f1iguez<\/a>\n\t\t\t\t\t\t<\/h5>\n\t\t\t\t\t\t\t\t\t\t\t\t\t\t\t\t\t\t\t<h6 class=\"job-title\">Bienestar Institucional<\/h6>\n\t\t\t\t\t\t\t\t\t\t\t\t\t\t\t\t\t\t\t\t\t\t\t\t\t<div class=\"summary\"><\/p>\n<\/div>\n\t\t\t\t\t\t\n\t\t\t\t\t\t\t\t\t\t\t\t\t\t\t\t\t<\/div>\n\t\t\t\t<\/div>\n\t\t\t\t\t<\/div>\n\t\t\t\t\t\t<\/div>\n\t\t\t\t<\/div>\n\t\t\t\t\t<\/div>\n\t\t<\/div>\n\t\t\t\t\t<\/div>\n\t\t<\/section>\n\t\t\t\t<\/div>\n\t\t","protected":false},"excerpt":{"rendered":"<p>Autoridades Administrativas Rosmeri Thalia Cruz I\u00f1iguez Bienestar Institucional Autoridades Administrativas Ing. V\u00edctor Hugo Calder\u00f3n Morales Rector LinkedIn &#8211; Victor Hugo Calder\u00f3n Morales Meet me on&nbsp;<a href=\"https:\/\/www.teclemas.edu.ec\/inicio\/autoridades-administrativas\/\">&hellip;<\/a><\/p>\n","protected":false},"author":5,"featured_media":0,"parent":0,"menu_order":0,"comment_status":"closed","ping_status":"closed","template":"template-fullwidth-no-title.php","meta":{"footnotes":""},"class_list":["post-6635","page","type-page","status-publish","hentry","odd"],"_links":{"self":[{"href":"https:\/\/www.teclemas.edu.ec\/inicio\/wp-json\/wp\/v2\/pages\/6635","targetHints":{"allow":["GET"]}}],"collection":[{"href":"https:\/\/www.teclemas.edu.ec\/inicio\/wp-json\/wp\/v2\/pages"}],"about":[{"href":"https:\/\/www.teclemas.edu.ec\/inicio\/wp-json\/wp\/v2\/types\/page"}],"author":[{"embeddable":true,"href":"https:\/\/www.teclemas.edu.ec\/inicio\/wp-json\/wp\/v2\/users\/5"}],"replies":[{"embeddable":true,"href":"https:\/\/www.teclemas.edu.ec\/inicio\/wp-json\/wp\/v2\/comments?post=6635"}],"version-history":[{"count":7,"href":"https:\/\/www.teclemas.edu.ec\/inicio\/wp-json\/wp\/v2\/pages\/6635\/revisions"}],"predecessor-version":[{"id":6644,"href":"https:\/\/www.teclemas.edu.ec\/inicio\/wp-json\/wp\/v2\/pages\/6635\/revisions\/6644"}],"wp:attachment":[{"href":"https:\/\/www.teclemas.edu.ec\/inicio\/wp-json\/wp\/v2\/media?parent=6635"}],"curies":[{"name":"wp","href":"https:\/\/api.w.org\/{rel}","templated":true}]}}